 to base 2.
-101
What is 3 (base 9) in base 2?
11
Convert 2 (base 6) to base 9.
2
27 (base 13) to base 4
201
What is 116 (base 15) in base 5?
1441
10 (base 4) to base 14
4
What is 20 (base 3) in base 2?
110
What is -148 (base 11) in base 12?
-125
Convert 10010 (base 2) to base 8.
22
What is 1030 (base 4) in base 10?
76
Convert -32 (base 7) to base 6.
-35
-4 (base 14) to base 6
-4
Convert -9 (base 14) to base 9.
-10
Convert 11 (base 7) to base 6.
12
What is 12 (base 9) in base 10?
11
Convert 50 (base 7) to base 10.
35
What is 14 (base 5) in base 13?
9
1022 (base 3) to base 14
27
Convert -221 (base 10) to base 8.
-335
Convert -115 (base 12) to base 2.
-10100001
Convert 1 (base 2) to base 16.
1
What is 7 (base 12) in base 4?
13
Convert -3 (base 6) to base 12.
-3
Convert -222 (base 3) to base 4.
-122
155 (base 11) to base 14
cd
Convert 0 (base 16) to base 14.
0
What is -5d (base 14) in base 5?
-313
Convert 2 (base 12) to base 7.
2
2 (base 6) to base 11
2
b (base 12) to base 7
14
What is 102 (base 3) in base 7?
14
Convert 2 (base 8) to base 11.
2
17 (base 12) to base 7
25
Convert 2 (base 5) to base 3.
2
What is -123 (base 4) in base 15?
-1c
4 (base 16) to base 11
4
What is -100 (base 14) in base 2?
-11000100
Convert -5 (base 12) to base 15.
-5
What is 3 (base 15) in base 11?
3
-1 (base 15) to base 5
-1
Convert 1011 (base 2) to base 13.
b
27 (base 8) to base 4
113
Convert -250 (base 11) to base 12.
-209
What is -26 (base 16) in base 5?
-123
-111 (base 2) to base 4
-13
What is 141 (base 10) in base 5?
1031
Convert 5 (base 15) to base 3.
12
What is 10021 (base 3) in base 5?
323
-14 (base 8) to base 12
-10
What is 1 (base 12) in base 2?
1
Convert -81 (base 11) to base 8.
-131
Convert -11 (base 6) to base 8.
-7
Convert 1 (base 2) to base 5.
1
5 (base 16) to base 9
5
Convert b1 (base 14) to base 11.
131
What is 10 (base 4) in base 7?
4
What is 0 (base 5) in base 13?
0
66 (base 14) to base 13
6c
Convert 87 (base 13) to base 16.
6f
What is 143 (base 7) in base 10?
80
What is -1 (base 5) in base 3?
-1
-14 (base 6) to base 3
-101
What is 13 (base 7) in base 2?
1010
What is -a3 (base 15) in base 8?
-231
What is -6 (base 7) in base 11?
-6
What is -6 (base 14) in base 5?
-11
What is 1032 (base 4) in base 7?
141
Convert -115 (base 6) to base 12.
-3b
Convert -120 (base 7) to base 10.
-63
What is -3f (base 16) in base 2?
-111111
-11 (base 16) to base 3
-122
What is -15b (base 12) in base 5?
-1330
-de (base 15) to base 6
-545
-1 (base 11) to base 4
-1
-14 (base 9) to base 10
-13
-5 (base 12) to base 13
-5
157 (base 11) to base 10
183
What is -14 (base 6) in base 2?
-1010
-5 (base 14) to base 15
-5
Convert -6 (base 13) to base 4.
-12
Convert -2 (base 11) to base 2.
-10
-4 (base 16) to base 3
-11
Convert 23 (base 11) to base 6.
41
4 (base 12) to base 11
4
-2c (base 15) to base 9
-46
Convert 63 (base 9) to base 15.
3c
Convert 4 (base 13) to base 4.
10
3 (base 11) to base 5
3
34 (base 5) to base 3
201
61 (base 7) to base 2
101011
What is -86 (base 15) in base 11?
-105
Convert -4 (base 15) to base 4.
-10
What is -32 (base 8) in base 7?
-35
What is 330 (base 4) in base 9?
66
Convert -112 (base 7) to base 14.
-42
What is -2 (base 7) in base 6?
-2
Convert -70 (base 15) to base 6.
-253
-15 (base 9) to base 10
-14
What is da (base 14) in base 6?
520
What is -3 (base 11) in base 15?
-3
What is 2 (base 10) in base 2?
10
144 (base 5) to base 14
37
26 (base 7) to base 8
24
What is 12 (base 4) in base 13?
6
-156 (base 8) to base 13
-86
Convert -26 (base 15) to base 16.
-24
Convert -22 (base 9) to base 11.
-19
What is 15 (base 6) in base 3?
102
26 (base 16) to base 9
42
-21 (base 4) to base 12
-9
-c (base 16) to base 11
-11
6 (base 13) to base 2
110
What is -1 (base 13) in base 11?
-1
What is -1221 (base 4) in base 9?
-126
Convert 113 (base 4) to base 3.
212
Convert 10 (base 2) to base 13.
2
-4 (base 12) to base 9
-4
-4 (base 7) to base 14
-4
What is -11 (base 8) in base 11?
-9
-25 (base 9) to base 14
-19
What is 18 (base 10) in base 12?
16
Convert -103 (base 4) to base 14.
-15
Convert -1 (base 14) to base 15.
-1
What is -2 (base 4) in base 16?
-2
6 (base 12) to base 6
10
Convert 3 (base 4) to base 7.
3
2 (base 8) to base 11
2
What is 26 (base 13) in base 8?
40
Convert 52 (base 8) to base 13.
33
What is -a5 (base 12) in base 7?
-236
Convert 63 (base 14) to base 5.
322
-307 (base 9) to base 15
-11a
1 (base 16) to base 14
1
Convert -1000 (base 4) to base 9.
-71
52 (base 8) to base 13
33
Convert 22 (base 4) to base 7.
13
Convert 1c (base 15) to base 12.
23
Convert 1110 (base 2) to base 4.
32
What is 164 (base 10) in base 3?
20002
What is -10 (base 5) in base 9?
-5
-15 (base 11) to base 9
-17
Convert 110 (base 2) to base 7.
6
Convert -1 (base 6) to base 10.
-1
Convert -1f (base 16) to base 12.
-27
What is 1 (base 15) in base 7?
1
Convert 2 (base 3) to base 6.
2
What is 6 (base 7) in base 11?
6
What is 2a2 (base 11) in base 13?
213
90 (base 10) to base 3
10100
What is 4 (base 16) in base 13?
4
Convert 413 (base 6) to base 7.
306
What is 6 (base 7) in base 14?
6
What is -1 (base 4) in base 15?
-1
Convert -5 (base 15) to base 4.
-11
What is 44 (base 7) in base 6?
52
Convert 5 (base 8) to base 7.
5
Convert 2 (base 15) to base 9.
2
What is 4a (base 15) in base 3?
2121
-5 (base 14) to base 6
-5
Convert 0 (base 13) to base 8.
0
What is 8 (base 9) in base 11?
8
110 (base 2) to base 7
6
What is 1 (base 6) in base 15?
1
What is -1 (base 14) in base 5?
-1
Convert 2301 (base 5) to base 4.
11012
What is 14 (base 15) in base 10?
19
-153 (base 6) to base 10
-69
0 (base 3) to base 2
0
Convert -153 (base 9) to base 14.
-93
-1001 (base 2) to base 5
-14
Convert -2 (base 15) to base 11.
-2
-15 (base 16) to base 11
-1a
What is -b4 (base 16) in base 14?
-cc
2 (base 11) to base 14
2
What is -320 (base 4) in base 14?
-40
Convert 1 (base 14) to base 5.
1
What is 1131 (base 4) in base 8?
135
Convert -20 (base 3) to base 10.
-6
Convert -3 (base 13) to base 7.
-3
Convert 100 (base 2) to base 16.
4
-1110 (base 2) to base 5
-24
What is -2 (base 10) in base 5?
-2
What is 15 (base 16) in base 10?
21
Convert 0 (base 5) to base 15.
0
Convert -6 (base 7) to base 15.
-6
-16 (base 16) to base 3
-211
Convert 106 (base 8) to base 5.
240
-10110001 (base 2) to base 5
-1202
What is 34 (base 10) in base 5?
114
What is -b (base 15) in base 9?
-12
What is 1224 (base 5) in base 9?
230
What is 48 (base 15) in base 10?
68
What is 1000 (base 2) in base 6?
12
4 (base 6) to base 12
4
-4f (base 16) to base 14
-59
-531 (base 6) to base 16
-c7
What is -130 (base 6) in base 3?
-2000
Convert -75 (base 15) to base 2.
-1101110
Convert -1 (base 4) to base 2.
-1
0 (base 12) to base 10
0
-312 (base 4) to base 15
-39
10011110 (base 2) to base 15
a8
What is -5 (base 10) in base 4?
-11
What is -14 (base 8) in base 6?
-20
What is -4 (base 11) in base 8?
-4
Convert 2 (base 5) to base 10.
2
What is 3c (base 15) in base 12?
49
What is 111 (base 9) in base 2?
1011011
What is 9 (base 14) in base 7?
12
What is -4 (base 12) in base 9?
-4
What is -a0 (base 15) in base 6?
-410
Convert 6 (base 9) to base 12.
6
Convert 157 (base 11) to base 16.
b7
What is -6 (base 16) in base 2?
-110
245 (base 9) to base 12
14b
What is -10010 (base 3) in base 16?
-54
Convert -3 (base 9) to base 12.
-3
Convert 7 (base 12) to base 14.
7
What is 233 (base 8) in base 11?
131
Convert -1 (base 10) to base 16.
-1
What is 47 (base 11) in base 16?
33
3230 (base 4) to base 10
236
Convert -33 (base 5) to base 4.
-102
What is -1 (base 5) in base 8?
-1
What is 202 (base 3) in base 8?
24
Convert -2 (base 6) to base 14.
-2
What is 123 (base 4) in base 2?
11011
What is -1343 (base 5) in base 14?
-11d
What is 1 (base 8) in base 15?
1
What is -1 (base 13) in base 16?
-1
Convert -2 (base 5) to base 3.
-2
Convert -108 (base 11) to base 8.
-201
a (base 11) to base 9
11
39 (base 12) to base 6
113
Convert -2 (base 8) to base 3.
-2
What is 23 (base 5) in base 14?
d
Convert 122 (base 3) to base 2.
10001
What is 227 (base 12) in base 6?
1251
Convert 2 (base 6) to base 4.
2
13 (base 9) to base 5
22
22 (base 3) to base 5
13
a (base 13) to base 14
a
Convert -632 (base 7) to base 10.
-317
-214 (base 8) to base 9
-165
What is 2 (base 14) in base 6?
2
-13 (base 10) to base 8
-15
What is -2 (base 7) in 